

{"id":109,"date":"2015-06-07T16:53:22","date_gmt":"2015-06-07T19:53:22","guid":{"rendered":"http:\/\/taigafilmes.com\/wp\/?page_id=109"},"modified":"2021-03-18T14:55:45","modified_gmt":"2021-03-18T17:55:45","slug":"mare-nossa-historia-de-amor","status":"publish","type":"page","link":"http:\/\/taigafilmes.com\/site\/filmes-realizados\/mare-nossa-historia-de-amor\/","title":{"rendered":"Mar\u00e9, nossa hist\u00f3ria de amor"},"content":{"rendered":"<div id=\"pl-109\"  class=\"panel-layout\" ><div id=\"pg-109-0\"  class=\"panel-grid panel-no-style\" ><div id=\"pgc-109-0-0\"  class=\"panel-grid-cell\" ><div id=\"panel-109-0-0-0\" class=\"so-panel widget widget_black-studio-tinymce widget_black_studio_tinymce panel-first-child panel-last-child\" data-index=\"0\" ><div class=\"textwidget\"><p><img class=\"alignnone size-full wp-image-209\" src=\"http:\/\/taigafilmes.com\/site\/wp-content\/uploads\/2015\/06\/mare_g.jpg\" alt=\"Mar\u00e9, nossa hist\u00f3ria de anor, um filme de Lucia Murat\" width=\"1500\" height=\"938\" \/><\/p>\n<p>\u201cMar\u00e9, Nossa Hist\u00f3ria de Amor\u201d \u00e9 uma co-produ\u00e7\u00e3o da Taiga Filmes e da produtora francesa Gloria Films. O filme \u00e9 um musical brasileiro a partir da hist\u00f3ria de Anal\u00eddia e Jonathan, dois jovens moradores da Mar\u00e9, favela carioca que das palafitas dos anos 60 passou por diversos planos de urbaniza\u00e7\u00e3o chegando hoje a uma popula\u00e7\u00e3o de cerca de mais de 140 mil pessoas.<\/p>\n<p>Anal\u00eddia (Cristina Lago) \u00e9 filha de um chefe do tr\u00e1fico de drogas preso, que briga pelo poder com o irm\u00e3o de Jonatha (Vin\u00edcius D'Black), na favela da Mar\u00e9. Separados pelo 'apartheid' entre as fac\u00e7\u00f5es rivais, eles encontram no grupo de dan\u00e7a da comunidade, dirigido por Fernanda (Marisa Orth), um ref\u00fagio para o amor, a arte, o sonho e a possibilidade de uma vida longe do crime.<\/p>\n<p>Jonatha \u00e9 MC da comunidade e seu sonho \u00e9 \u00a0gravar um CD. Dividido entre os irm\u00e3os mais velhos -\u00a0Paulo (Fl\u00e1vio Bauraqui), idealista, trabalhador e amante \u00a0do samba e Dudu (Babu Santana), irm\u00e3o adotado, chefe de uma das fac\u00e7\u00f5es que comandam o tr\u00e1fico na favela, ele vive o dilema de aceitar ou n\u00e3o a ajuda deste \u00faltimo, que promete financiar sua carreira com o dinheiro das drogas.<\/p>\n<p>A\u00a0hist\u00f3ria de Anal\u00eddia e Jonathan, livremente inspirada em Romeu e Julieta, \u00e9 apenas um fio condutor de um resgate da nossa extrema musicalidade, da atualidade da nossa dan\u00e7a contempor\u00e2nea e dessa estranha mistura que encontramos hoje nas favelas, onde a viol\u00eancia convive com possibilidades art\u00edsticas trazidas por ONGs e diversos projetos sociais.<\/p>\n<p><a style=\"color: #ff6633;\" href=\"http:\/\/www.taigafilmes.com\/mare\/\">Veja mais no site do filme \u00bb<\/a><\/p>\n<\/div><\/div><\/div><div id=\"pgc-109-0-1\"  class=\"panel-grid-cell\" ><div id=\"panel-109-0-1-0\" class=\"so-panel widget widget_black-studio-tinymce widget_black_studio_tinymce panel-first-child panel-last-child\" data-index=\"1\" ><div class=\"textwidget\"><p><img class=\"alignnone size-medium wp-image-56\" src=\"http:\/\/taigafilmes.com\/site\/wp-content\/uploads\/2015\/06\/cartaz_mare-201x300.jpg\" alt=\"cartaz_mare\" width=\"201\" height=\"300\" \/><\/p>\n<h4>Elenco<\/h4>\n<p>Apresentando: Cristina Lago<br \/> Vinicius D\u2019Black<br \/> Anjo Lopes<br \/> Na\u00e7\u00e3o Mar\u00e9<\/p>\n<p>Com<br \/> Marisa Orth<br \/> Babu Santana<br \/> Jefchander Lucas<\/p>\n<p>Participa\u00e7\u00e3o especial:<br \/> Elisa Lucinda<br \/> Flavio Bauraqui<br \/> Malu Galli<\/p>\n<h4>Cr\u00e9ditos<\/h4>\n<p>Produ\u00e7\u00e3o e dire\u00e7\u00e3o: Lucia Murat<br \/> Produ\u00e7\u00e3o: Taiga Filmes<br \/> Co-produ\u00e7\u00e3o: Limite, Gloria Filmes, Lavor\u00e1gine Filmes<br \/> Produ\u00e7\u00e3o executiva: Luis Vidal, \u00a0Branca Murat, Daniel Lion<br \/> Dire\u00e7\u00e3o de fotografia: Lucio Kodato<br \/> Dire\u00e7\u00e3o de produ\u00e7\u00e3o: Martha Ferraris<br \/> Coreografia: Graciela Figueroa<br \/> Trilha sonora e arranjos: Fernando Moura e Marcos Suzano<br \/> Mixagem: Emmanuel Croset<br \/> Edi\u00e7\u00e3o de som: Simone Petrillo<br \/> Som direto: Jos\u00e9 Louzeiro, Paulo Ricardo Nunes<br \/> C\u00e2mera: Fabricio Tadeu<br \/> Montagem: Mair Tavares\u00a0e Julia Murat<br \/> Roteiro: Lucia Murat e Paulo Lins<br \/> Figurino: In\u00eas Salgado<br \/> Dire\u00e7\u00e3o de arte: Gringo Cardia<br \/> Dire\u00e7\u00e3o de fotografia: Lucio Kodato<\/p>\n<\/div><\/div><\/div><\/div><\/div>","protected":false},"excerpt":{"rendered":"<p>\u201cMar\u00e9, Nossa Hist\u00f3ria de Amor\u201d \u00e9 uma co-produ\u00e7\u00e3o da Taiga Filmes e da produtora francesa Gloria Films. O filme \u00e9 um musical brasileiro a partir da hist\u00f3ria de Anal\u00eddia e Jonathan, dois jovens moradores da Mar\u00e9, favela carioca que das palafitas dos anos 60 passou por diversos planos de urbaniza\u00e7\u00e3o chegando hoje a uma popula\u00e7\u00e3o [&hellip;]<\/p>\n","protected":false},"author":1,"featured_media":0,"parent":6,"menu_order":0,"comment_status":"closed","ping_status":"closed","template":"templates\/template-full.php","meta":[],"_links":{"self":[{"href":"http:\/\/taigafilmes.com\/site\/wp-json\/wp\/v2\/pages\/109"}],"collection":[{"href":"http:\/\/taigafilmes.com\/site\/wp-json\/wp\/v2\/pages"}],"about":[{"href":"http:\/\/taigafilmes.com\/site\/wp-json\/wp\/v2\/types\/page"}],"author":[{"embeddable":true,"href":"http:\/\/taigafilmes.com\/site\/wp-json\/wp\/v2\/users\/1"}],"replies":[{"embeddable":true,"href":"http:\/\/taigafilmes.com\/site\/wp-json\/wp\/v2\/comments?post=109"}],"version-history":[{"count":16,"href":"http:\/\/taigafilmes.com\/site\/wp-json\/wp\/v2\/pages\/109\/revisions"}],"predecessor-version":[{"id":1906,"href":"http:\/\/taigafilmes.com\/site\/wp-json\/wp\/v2\/pages\/109\/revisions\/1906"}],"up":[{"embeddable":true,"href":"http:\/\/taigafilmes.com\/site\/wp-json\/wp\/v2\/pages\/6"}],"wp:attachment":[{"href":"http:\/\/taigafilmes.com\/site\/wp-json\/wp\/v2\/media?parent=109"}],"curies":[{"name":"wp","href":"https:\/\/api.w.org\/{rel}","templated":true}]}}