

{"id":117,"date":"2015-06-07T16:55:16","date_gmt":"2015-06-07T19:55:16","guid":{"rendered":"http:\/\/taigafilmes.com\/wp\/?page_id=117"},"modified":"2021-07-02T15:07:20","modified_gmt":"2021-07-02T18:07:20","slug":"a-memoria-que-me-contam","status":"publish","type":"page","link":"http:\/\/taigafilmes.com\/site\/filmes-realizados\/a-memoria-que-me-contam\/","title":{"rendered":"A mem\u00f3ria que me contam"},"content":{"rendered":"<div id=\"pl-117\"  class=\"panel-layout\" ><div id=\"pg-117-0\"  class=\"panel-grid panel-no-style\" ><div id=\"pgc-117-0-0\"  class=\"panel-grid-cell\" ><div id=\"panel-117-0-0-0\" class=\"so-panel widget widget_black-studio-tinymce widget_black_studio_tinymce panel-first-child panel-last-child\" data-index=\"0\" ><div class=\"textwidget\"><p><img class=\"alignnone wp-image-187 size-full\" src=\"http:\/\/taigafilmes.com\/site\/wp-content\/uploads\/2015\/06\/memoria-que-me-contam1.jpg\" alt=\"\" width=\"1500\" height=\"938\" \/><\/p>\n<p><img class=\"size-full wp-image-589\" src=\"http:\/\/taigafilmes.com\/site\/wp-content\/uploads\/2015\/06\/siteTaiga_a_memoria_home3280_en.jpg\" alt=\"Memories they told me, a film byLucia Murat\" width=\"3280\" height=\"1050\" \/><\/p>\n<p>Um drama ir\u00f4nico sobre utopias derrotadas, terrorismo, comportamento sexual e a constru\u00e7\u00e3o de um mito. Um grupo de amigos, que resistiram \u00e0 ditadura militar, e seus filhos v\u00e3o enfrentar o conflito entre o cotidiano de hoje e o passado quando um deles est\u00e1 morrendo.<\/p>\n<p><a style=\"color: #ff6633;\" href=\"http:\/\/www.taigafilmes.com\/memoria\/index.htm\">Veja mais no site do filme \u00bb<\/a><\/p>\n<h4>Argumento<\/h4>\n<p>ANA est\u00e1 morrendo. Ex-guerrilheira e um \u00edcone da esquerda, ela \u00e9 o \u00faltimo elo de um grupo de amigos que resistiu \u00e0 ditadura militar no Brasil. Na sala de espera de uma casa de sa\u00fade, eles se reencontram. Utopias falidas, terrorismo e libera\u00e7\u00e3o sexual sob o ponto de vista de duas gera\u00e7\u00f5es, um grupo de ex-guerrilheiros e seus filhos, s\u00e3o os temas deste filme. Narrado como um quebra-cabe\u00e7a, o filme vai mostrar ANA apenas quando jovem, em flashback, como se ela nunca tivesse sa\u00eddo dos anos 60. Jovem , linda e perigosamente fr\u00e1gil.<\/p>\n<p>Como pano de fundo para essas quest\u00f5es, \u201cA mem\u00f3ria que me contam\u201d vai acompanhar o dia-a-dia dos personagens principais hoje. IRENE, cineasta, est\u00e1 editando um filme que tem a ver com os anos 60. O casal, CARLOS, artista pl\u00e1stico, e ZEZ\u00c9, curadora, trabalham com arte contempor\u00e2nea. Eduardo, filho de Irene, \u00e9 um jovem artista em ascens\u00e3o e tem uma rela\u00e7\u00e3o amorosa com Gabriel, filho de Ricardo, um ex-militante hoje professor que do ponto de vista comportamental \u00e9 extremamente conservador.<\/p>\n<p>Cada um dos personagens na sala de espera traz uma quest\u00e3o que liga os anos 60 a quest\u00f5es atuais. PAOLO, refugiado no Brasil acusado de pertencer \u00e0s Brigadas Vermelhas, traz a discuss\u00e3o do terrorismo para hoje. Por que ele ainda \u00e9 visto como um bandido e os personagens brasileiros s\u00e3o her\u00f3is? O que mais distinguia a realidade da guerrilha no Brasil, que vivia uma ditadura, da It\u00e1lia dos anos 70?<\/p>\n<p>IRENE e PAOLO j\u00e1 tiveram um caso no passado. O tri\u00e2ngulo formado um dia por PAOLO, IRENE e ANA vem \u00e0 tona. Mas hoje diante da possibilidade da perda de ANA o que interessa a todos os amigos ali reunidos \u00e9 o afeto que os une. Um pedido de extradi\u00e7\u00e3o feito pela It\u00e1lia ocasiona a pris\u00e3o de PAOLO no Brasil. Todas as discuss\u00f5es se acirram, inclusive com Z\u00c9 CARLOS, atual Ministro do Governo.<\/p>\n<p>Paralelamente a esse grupo, a gera\u00e7\u00e3o de jovens, filhos daqueles ex-militantes, entra em conflito com os mais velhos. Todos t\u00eam uma profunda admira\u00e7\u00e3o pelos pais, n\u00e3o escapam do mito em torno da resist\u00eancia \u00e0 ditadura, t\u00eam at\u00e9 uma certa inveja desse passado \"her\u00f3ico\". No entanto, as contradi\u00e7\u00f5es na vida profissional e comportamental v\u00e3o pouco a pouco acentuar as diferen\u00e7as.<\/p>\n<p>A morte de ANA re\u00fane os amigos. No cemit\u00e9rio, ante-sala da crema\u00e7\u00e3o, est\u00e3o todos para uma \u00faltima homenagem. Nada funciona como deveria - cd n\u00e3o toca na hora, proje\u00e7\u00e3o n\u00e3o funciona, microfone falha, flores se atrasam. Na tela grande, essas imagens aparecem de novo, mas dessa vez tudo funciona. \u00c9 uma bela e perfeita cena cinematogr\u00e1fica onde ANA tem a despedida que seus amigos gostariam que tivesse. IRENE est\u00e1 feliz de ter conseguido realizar um belo filme sobre a amiga.<\/p>\n<p>O espectador entende que o filme de IRENE \u00e9 o filme sobre ANA. O cinema como o sonho poss\u00edvel.<\/p>\n<\/div><\/div><\/div><div id=\"pgc-117-0-1\"  class=\"panel-grid-cell\" ><div id=\"panel-117-0-1-0\" class=\"so-panel widget widget_black-studio-tinymce widget_black_studio_tinymce panel-first-child panel-last-child\" data-index=\"1\" ><div class=\"textwidget\"><p><img class=\"alignnone wp-image-537 size-medium\" src=\"http:\/\/taigafilmes.com\/site\/wp-content\/uploads\/2015\/06\/cartaz_memoria1_br-203x300.jpg\" alt=\"\" width=\"203\" height=\"300\" \/><\/p>\n<h4>Elenco<\/h4>\n<p>(por ordem de entrada)<br \/>\nIrene Ravache (Irene)<br \/>\nSimone Spoladore (Ana)<br \/>\nFranco Nero (Paolo)<br \/>\nClarisse Abujamra (Zez\u00e9)<br \/>\nHamilton Vaz Pereira (Henrique)<br \/>\nM\u00e1rio Jos\u00e9 Paz (Dr. Guillermo)<br \/>\nMiguel Thir\u00e9 (Eduardo)<br \/>\nPatrick Sampaio (Gabriel)<br \/>\nJuliana Helcer (Irene jovem)<br \/>\nZ\u00e9carlos Machado (Ministro Jos\u00e9 Carlos)<br \/>\nRicardo Dantas (assessor do ministro)<br \/>\nPablo Uranga (rep\u00f3rter argentino)<br \/>\nHugo Gon\u00e7alves (dubl\u00ea de ministro)<br \/>\nOt\u00e1vio Augusto (Ricardo)<br \/>\nElaine Vilela (enfermeira)<br \/>\nPablo San\u00e1bio (jovem empres\u00e1rio)<br \/>\nNath\u00e1lia Murat (menina na instala\u00e7\u00e3o)<br \/>\nOswaldo Mendes (Cacalo)<br \/>\nVal\u00e9ria Monteiro (apresentadora do telejornal)<br \/>\nFernando Bezerra (M\u00e1rio Azeredo, militar)<br \/>\nNat\u00e1lia Lorda (amiga da Ana)<br \/>\nOvidici Puscalau (homem das bolhas)<br \/>\nNaruna Kaplan de Macedo (Chlo\u00e9)<br \/>\nEduardo Estrela (Alberto)<br \/>\nRodrigo Oliveira (acompanhante de Alberto)<br \/>\nBianca Joy (rep\u00f3rter da TV)<br \/>\nEduardo Cravo (taxista)<br \/>\nBabu Santana (Jo\u00e3o Tavares)<\/p>\n<h4>Cr\u00e9ditos<\/h4>\n<p>Dire\u00e7\u00e3o: Lucia Murat<br \/>\nProdu\u00e7\u00e3o: Adrian Solar, Felicitas Raffo Julia Solomonoff e Lucia Murat<br \/>\nProdu\u00e7\u00e3o Executiva: Daniel Lion, Denis Feij\u00e3o e Martha Ferraris<br \/>\nRoteiro: Lucia Murat e Tatiana Salem Levy<br \/>\nFotografia: Guillermo Nieto<br \/>\nMontagem: Mair Tavares<br \/>\nDire\u00e7\u00e3o de produ\u00e7\u00e3o: Daniela Santos<br \/>\nDire\u00e7\u00e3o de arte: Ana Rita Bueno<br \/>\nFigurino: In\u00eas Salgado<br \/>\nSom direto: Jos\u00e9 Moreau Louzeiro<br \/>\nEdi\u00e7\u00e3o de som: Simone Petrillo<br \/>\nMixagem: Emmanuel Croset<br \/>\nM\u00fasica: Diego Fontecilla<br \/>\nCoprodutores: Bonfilm, Elixir Entretenimento, Locall, Universo Imagem<\/p>\n<\/div><\/div><\/div><\/div><\/div>","protected":false},"excerpt":{"rendered":"<p>Um drama ir\u00f4nico sobre utopias derrotadas, terrorismo, comportamento sexual e a constru\u00e7\u00e3o de um mito. Um grupo de amigos, que resistiram \u00e0 ditadura militar, e seus filhos v\u00e3o enfrentar o conflito entre o cotidiano de hoje e o passado quando um deles est\u00e1 morrendo. Veja mais no site do filme \u00bb Argumento ANA est\u00e1 morrendo. [&hellip;]<\/p>\n","protected":false},"author":1,"featured_media":0,"parent":6,"menu_order":0,"comment_status":"closed","ping_status":"closed","template":"templates\/template-full.php","meta":[],"_links":{"self":[{"href":"http:\/\/taigafilmes.com\/site\/wp-json\/wp\/v2\/pages\/117"}],"collection":[{"href":"http:\/\/taigafilmes.com\/site\/wp-json\/wp\/v2\/pages"}],"about":[{"href":"http:\/\/taigafilmes.com\/site\/wp-json\/wp\/v2\/types\/page"}],"author":[{"embeddable":true,"href":"http:\/\/taigafilmes.com\/site\/wp-json\/wp\/v2\/users\/1"}],"replies":[{"embeddable":true,"href":"http:\/\/taigafilmes.com\/site\/wp-json\/wp\/v2\/comments?post=117"}],"version-history":[{"count":31,"href":"http:\/\/taigafilmes.com\/site\/wp-json\/wp\/v2\/pages\/117\/revisions"}],"predecessor-version":[{"id":1910,"href":"http:\/\/taigafilmes.com\/site\/wp-json\/wp\/v2\/pages\/117\/revisions\/1910"}],"up":[{"embeddable":true,"href":"http:\/\/taigafilmes.com\/site\/wp-json\/wp\/v2\/pages\/6"}],"wp:attachment":[{"href":"http:\/\/taigafilmes.com\/site\/wp-json\/wp\/v2\/media?parent=117"}],"curies":[{"name":"wp","href":"https:\/\/api.w.org\/{rel}","templated":true}]}}