

{"id":1228,"date":"2017-09-27T13:37:30","date_gmt":"2017-09-27T16:37:30","guid":{"rendered":"http:\/\/taigafilmes.com\/wp\/?page_id=1228"},"modified":"2020-07-06T19:03:04","modified_gmt":"2020-07-06T22:03:04","slug":"praca-paris","status":"publish","type":"page","link":"http:\/\/taigafilmes.com\/site\/praca-paris\/","title":{"rendered":"Paris Square"},"content":{"rendered":"<div id=\"pl-1228\"  class=\"panel-layout\" ><div id=\"pg-1228-0\"  class=\"panel-grid panel-no-style\" ><div id=\"pgc-1228-0-0\"  class=\"panel-grid-cell\" ><div id=\"panel-1228-0-0-0\" class=\"so-panel widget widget_black-studio-tinymce widget_black_studio_tinymce panel-first-child panel-last-child\" data-index=\"0\" ><div class=\"textwidget\"><p><img class=\"wp-image-1259 size-full\" src=\"http:\/\/taigafilmes.com\/site\/wp-content\/uploads\/2017\/09\/pracaParis_pagina.jpg\" alt=\"Pra\u00e7a Paris, um filme de Lucia Murat\" width=\"1050\" height=\"785\" \/><\/p>\n<p>Pra\u00e7a Paris is a thriller that shows the conflict between a Portuguese psychoanalyst, Camila (Joana de Verona), who came to Brazil to develop a research on violence, and her patient, Gl\u00f3ria (Grace Pass\u00f4), in a Therapy Center of a Brazilian university (UERJ). Gl\u00f3ria is a lift attendant at the university and has a very difficult history of violence: raped by her father, she has only the brother, Jonas (Alex Brazil), a drug dealer on the hill, the protection she seeks. The film shows a transfer relationship to the reverse, where the fear of the other ends up dominating the plot.<\/p>\n<p><a href=\"http:\/\/www.taigafilmes.com\/pracaparis\/index_en.html\">Visit the web site of the film &gt;&gt;<\/a><\/p>\n<p><a href=\"http:\/\/taigafilmes.com\/site\/praca-paris-fotos\/\">See images of the film &gt;&gt;<\/a><\/p>\n<\/div><\/div><\/div><div id=\"pgc-1228-0-1\"  class=\"panel-grid-cell\" ><div id=\"panel-1228-0-1-0\" class=\"so-panel widget widget_black-studio-tinymce widget_black_studio_tinymce panel-first-child panel-last-child\" data-index=\"1\" ><div class=\"textwidget\"><h4>Staff\u00a0<\/h4>\n<p>Direction and argument: Lucia Murat<br \/>Script: Lucia Murat e Raphael Montes<br \/>Production: Felicitas Raffo, Luis Galv\u00e3o Telles e Lucia Murat <br \/>Executive production: Gabriela Amadei, Jo\u00e3o Pessoa e Joana Nin (verificar argentina)<br \/>Photography direction: Guillermo Nieto<br \/>Original sound track: Andr\u00e9 Abunjanra E Marcio Nigro<br \/>Art direction: Dina Salem Levy<br \/>Costumes: Ana Carolina Lopes<br \/>Direct sound: Carlos Alberto Lopes<br \/>Sound edition: Simone Petrillo<br \/>Mixing: Branko Neskov <br \/>Cast preparation: Amanda Gabriel<br \/>Cast production: Gabriel Bortolini<br \/>Cast: <br \/>Grace Pass\u00f4, Joana de Verona, Alex Brasil, Marco Antonio Caponi, Dig\u00e3o Ribeiro, Babu Santana e Angelo Flavio<\/p>\n<\/div><\/div><\/div><\/div><\/div>","protected":false},"excerpt":{"rendered":"<p>Pra\u00e7a Paris is a thriller that shows the conflict between a Portuguese psychoanalyst, Camila (Joana de Verona), who came to Brazil to develop a research on violence, and her patient, Gl\u00f3ria (Grace Pass\u00f4), in a Therapy Center of a Brazilian university (UERJ). Gl\u00f3ria is a lift attendant at the university and has a very difficult [&hellip;]<\/p>\n","protected":false},"author":1,"featured_media":0,"parent":0,"menu_order":0,"comment_status":"closed","ping_status":"closed","template":"templates\/template-full.php","meta":[],"_links":{"self":[{"href":"http:\/\/taigafilmes.com\/site\/wp-json\/wp\/v2\/pages\/1228"}],"collection":[{"href":"http:\/\/taigafilmes.com\/site\/wp-json\/wp\/v2\/pages"}],"about":[{"href":"http:\/\/taigafilmes.com\/site\/wp-json\/wp\/v2\/types\/page"}],"author":[{"embeddable":true,"href":"http:\/\/taigafilmes.com\/site\/wp-json\/wp\/v2\/users\/1"}],"replies":[{"embeddable":true,"href":"http:\/\/taigafilmes.com\/site\/wp-json\/wp\/v2\/comments?post=1228"}],"version-history":[{"count":34,"href":"http:\/\/taigafilmes.com\/site\/wp-json\/wp\/v2\/pages\/1228\/revisions"}],"predecessor-version":[{"id":1899,"href":"http:\/\/taigafilmes.com\/site\/wp-json\/wp\/v2\/pages\/1228\/revisions\/1899"}],"wp:attachment":[{"href":"http:\/\/taigafilmes.com\/site\/wp-json\/wp\/v2\/media?parent=1228"}],"curies":[{"name":"wp","href":"https:\/\/api.w.org\/{rel}","templated":true}]}}