

{"id":22,"date":"2015-05-27T16:22:39","date_gmt":"2015-05-27T19:22:39","guid":{"rendered":"http:\/\/taigafilmes.com\/wp\/?page_id=22"},"modified":"2017-11-08T14:16:26","modified_gmt":"2017-11-08T16:16:26","slug":"quem-bom-te-ver-viva","status":"publish","type":"page","link":"http:\/\/taigafilmes.com\/site\/filmes-realizados\/quem-bom-te-ver-viva\/","title":{"rendered":"Quem bom te ver viva"},"content":{"rendered":"<div id=\"pl-22\"  class=\"panel-layout\" ><div id=\"pg-22-0\"  class=\"panel-grid panel-no-style\" ><div id=\"pgc-22-0-0\"  class=\"panel-grid-cell\" ><div id=\"panel-22-0-0-0\" class=\"so-panel widget widget_black-studio-tinymce widget_black_studio_tinymce panel-first-child panel-last-child\" data-index=\"0\" ><div class=\"textwidget\"><p><img class=\"alignnone size-full wp-image-254\" src=\"http:\/\/taigafilmes.com\/site\/wp-content\/uploads\/2015\/05\/Que_bom_te_ver_viva_g.jpg\" alt=\"Que bom te ver viva, um filme de Lucia Murat\" width=\"1500\" height=\"639\" \/><\/p>\n<p>O filme aborda a tortura durante o per\u00edodo de ditadura no Brasil, mostrando como suas v\u00edtimas sobreviveram e como encaram aqueles anos de viol\u00eancia duas d\u00e9cadas depois. \"Que Bom Te Ver Viva\" mistura os del\u00edrios e fantasias de uma personagem an\u00f4nima, interpretada pela atriz Irene Ravache, alinhavado os depoimentos de oito ex-presas pol\u00edticas brasileiras que viveram situa\u00e7\u00f5es de tortura.<\/p>\n<p>Mais do que descrever e enumerar sev\u00edcias, o filme mostra o pre\u00e7o que essas mulheres pagaram, e ainda pagam, por terem sobrevivido l\u00facidas \u00e0 experi\u00eancia de tortura. Para diferenciar a fic\u00e7\u00e3o do document\u00e1rio, L\u00facia Murat optou por gravar os depoimentos das ex-presas pol\u00edticas em v\u00eddeo, como o enquadramento semelhante ao de retrato 3x4; filmar seu cotidiano \u00e0 luz natural, representando assim a vida aparente; e usar a luz teatral, para enfocar o que est\u00e1 atr\u00e1s da fotografia - o discurso incosciente do mon\u00f3logo da personagem de Irene Ravache.<\/p>\n<p>\n\t\t<style type=\"text\/css\">\n\t\t\t#gallery-2 {\n\t\t\t\tmargin: auto;\n\t\t\t}\n\t\t\t#gallery-2 .gallery-item {\n\t\t\t\tfloat: left;\n\t\t\t\tmargin-top: 10px;\n\t\t\t\ttext-align: center;\n\t\t\t\twidth: 25%;\n\t\t\t}\n\t\t\t#gallery-2 img {\n\t\t\t\tborder: 2px solid #cfcfcf;\n\t\t\t}\n\t\t\t#gallery-2 .gallery-caption {\n\t\t\t\tmargin-left: 0;\n\t\t\t}\n\t\t\t\/* see gallery_shortcode() in wp-includes\/media.php *\/\n\t\t<\/style>\n\t\t<div id='gallery-2' class='gallery galleryid-22 gallery-columns-4 gallery-size-thumbnail'><dl class='gallery-item'>\n\t\t\t<dt class='gallery-icon portrait'>\n\t\t\t\t<img width=\"150\" height=\"150\" src=\"http:\/\/taigafilmes.com\/site\/wp-content\/uploads\/2015\/05\/queBomTeVerViva_galeria-150x150.jpg\" class=\"attachment-thumbnail size-thumbnail\" alt=\"Que bom te ver viva, um filme de Lucia Murat\" decoding=\"async\" loading=\"lazy\" \/>\n\t\t\t<\/dt><\/dl><dl class='gallery-item'>\n\t\t\t<dt class='gallery-icon landscape'>\n\t\t\t\t<img width=\"150\" height=\"150\" src=\"http:\/\/taigafilmes.com\/site\/wp-content\/uploads\/2015\/05\/queBomTeVerViva_galeria2-150x150.jpg\" class=\"attachment-thumbnail size-thumbnail\" alt=\"Que bom te ver viva, um filme de Lucia Murat\" decoding=\"async\" loading=\"lazy\" \/>\n\t\t\t<\/dt><\/dl><dl class='gallery-item'>\n\t\t\t<dt class='gallery-icon portrait'>\n\t\t\t\t<img width=\"150\" height=\"150\" src=\"http:\/\/taigafilmes.com\/site\/wp-content\/uploads\/2015\/05\/queBomTeVerViva_galeria3-150x150.jpg\" class=\"attachment-thumbnail size-thumbnail\" alt=\"Que bom te ver viva, um filme de Lucia Murat\" decoding=\"async\" loading=\"lazy\" \/>\n\t\t\t<\/dt><\/dl><dl class='gallery-item'>\n\t\t\t<dt class='gallery-icon landscape'>\n\t\t\t\t<img width=\"150\" height=\"150\" src=\"http:\/\/taigafilmes.com\/site\/wp-content\/uploads\/2015\/05\/queBomTeVerViva_galeria40-150x150.jpg\" class=\"attachment-thumbnail size-thumbnail\" alt=\"Que bom te ver viva, um filme de Lucia Murat\" decoding=\"async\" loading=\"lazy\" \/>\n\t\t\t<\/dt><\/dl><br style=\"clear: both\" \/>\n\t\t<\/div>\n<\/p>\n<h4><\/h4>\n<h4>Cr\u00edticas<\/h4>\n<p>Um filme fundamental. Uma reflex\u00e3o l\u00facida, comovente e verdadeira sobre um tema universal: a luta da vida contra a morte em regimes autorit\u00e1rios.<br \/>\nSUSANA SCHILD - \"JORNAL DO BRASIL\"<\/p>\n<p>Comovente, esclarecedor, sereno. Um filme que resgata fatos, mem\u00f3rias e sabe como trabalhar esta investiga\u00e7\u00e3o na dire\u00e7\u00e3o do futuro. Indispens\u00e1vel.<br \/>\nEDMAR PEREIRA - \"JORNAL DA TARDE\"<\/p>\n<p>Na esteira de Marcel Ophuls e Claude Lanzmann, L\u00facia Murat fez mais do que um document\u00e1rio hist\u00f3rico que ousa mergulhar num tema tabu: realizou uma das obras human\u00edsticas mais vigorosas que vi nos \u00faltimos tempos.<br \/>\nAMIR LABAKI - \"FOLHA DE S. PAULO\"<\/p>\n<h4>Premia\u00e7\u00f5es<\/h4>\n<p>Melhor filme do j\u00fari popular, do j\u00fari oficial e da cr\u00edtica por \"Que Bom Te Ver Viva\", Festival de Bras\u00edlia, 19989<br \/>\nMelhor Montagem e melhor atriz, Festival de Bras\u00edlia, 1989<br \/>\nPr\u00eamio especial do j\u00fari e Pr\u00eamio Sambur\u00e1 por \"Que Bom Te Ver Viva\". Festival Internacional do Rio, 1989.<br \/>\nPr\u00eamio Coral, melhor filme da OCIC e melhor filme da ass. De atores. Festival de Havana, 1989<br \/>\nMelhor atriz de cinema. Pr\u00eamio Moliere, 1990<br \/>\nMelhor atriz de cinema. Golden Metais, 1990<br \/>\nMelhor filme e melhor atriz no Rio - Cine Festival, 1990.<br \/>\nMen\u00e7\u00e3o Margarida de Prata da CNBB<br \/>\nMen\u00e7\u00f5es da Federa\u00e7\u00e3o Internacional de Cr\u00edticos e da OCIC no Fest - Rio<\/p>\n<h4>Participa\u00e7\u00f5es internacionais<\/h4>\n<p>Festival of Festvals (Toronto, 1989)<br \/>\nFestival de Mujeres (Buenos Aires, 1990)<br \/>\nSan Francisco Film Festival (1990)<br \/>\nMuestra Internacional del Nuevo Cine (Pesaro, It\u00e1lia, 1990)<br \/>\nManheim Festival (Alemanha, 1990) Human Rights Festval (NY, EUA, 1991)<br \/>\nYamagata Film Festival (Jap\u00e3o, 1991)<\/p>\n<\/div><\/div><\/div><div id=\"pgc-22-0-1\"  class=\"panel-grid-cell\" ><div id=\"panel-22-0-1-0\" class=\"so-panel widget widget_black-studio-tinymce widget_black_studio_tinymce panel-first-child panel-last-child\" data-index=\"1\" ><div class=\"textwidget\"><p><img class=\"alignnone size-medium wp-image-63\" src=\"http:\/\/taigafilmes.com\/site\/wp-content\/uploads\/2015\/06\/cartaz_quebomteverviva-201x300.jpg\" alt=\"\" width=\"201\" height=\"300\" \/><\/p>\n<h4>Elenco<\/h4>\n<p>Irene Ravache<\/p>\n<h4>Cr\u00e9ditos<\/h4>\n<p>Montagem: Vera Freire<br \/>\nFotografia: Walter Carvalho<br \/>\nSom direto: Heron Alencar<br \/>\nDiretor-assistente: Adolfo Orico Rosenthal<br \/>\nDire\u00e7\u00e3o de produ\u00e7\u00e3o: K\u00e1tia Cop e Maria Helena Nascimento<br \/>\nCenografia e figurino: Beatriz Salgado<br \/>\nM\u00fasica original: Fernando Moura<br \/>\nTrilha sonora: A\u00e9cio Fl\u00e1vio<br \/>\nRoteiro, e dire\u00e7\u00e3o e produ\u00e7\u00e3o executiva: L\u00facia Murat<br \/>\nDistribuidora Nacional: Taiga Filmes e Video<br \/>\nDistribuidora Internacional para os EUA: Woman Make Movies.<\/p>\n<\/div><\/div><\/div><\/div><\/div>","protected":false},"excerpt":{"rendered":"<p>O filme aborda a tortura durante o per\u00edodo de ditadura no Brasil, mostrando como suas v\u00edtimas sobreviveram e como encaram aqueles anos de viol\u00eancia duas d\u00e9cadas depois. &#8220;Que Bom Te Ver Viva&#8221; mistura os del\u00edrios e fantasias de uma personagem an\u00f4nima, interpretada pela atriz Irene Ravache, alinhavado os depoimentos de oito ex-presas pol\u00edticas brasileiras que [&hellip;]<\/p>\n","protected":false},"author":1,"featured_media":0,"parent":6,"menu_order":0,"comment_status":"closed","ping_status":"closed","template":"templates\/template-full.php","meta":[],"_links":{"self":[{"href":"http:\/\/taigafilmes.com\/site\/wp-json\/wp\/v2\/pages\/22"}],"collection":[{"href":"http:\/\/taigafilmes.com\/site\/wp-json\/wp\/v2\/pages"}],"about":[{"href":"http:\/\/taigafilmes.com\/site\/wp-json\/wp\/v2\/types\/page"}],"author":[{"embeddable":true,"href":"http:\/\/taigafilmes.com\/site\/wp-json\/wp\/v2\/users\/1"}],"replies":[{"embeddable":true,"href":"http:\/\/taigafilmes.com\/site\/wp-json\/wp\/v2\/comments?post=22"}],"version-history":[{"count":22,"href":"http:\/\/taigafilmes.com\/site\/wp-json\/wp\/v2\/pages\/22\/revisions"}],"predecessor-version":[{"id":1447,"href":"http:\/\/taigafilmes.com\/site\/wp-json\/wp\/v2\/pages\/22\/revisions\/1447"}],"up":[{"embeddable":true,"href":"http:\/\/taigafilmes.com\/site\/wp-json\/wp\/v2\/pages\/6"}],"wp:attachment":[{"href":"http:\/\/taigafilmes.com\/site\/wp-json\/wp\/v2\/media?parent=22"}],"curies":[{"name":"wp","href":"https:\/\/api.w.org\/{rel}","templated":true}]}}