

{"id":28,"date":"2015-05-27T16:24:27","date_gmt":"2015-05-27T19:24:27","guid":{"rendered":"http:\/\/taigafilmes.com\/wp\/?page_id=28"},"modified":"2015-06-25T20:47:56","modified_gmt":"2015-06-25T23:47:56","slug":"outros-trabalhos","status":"publish","type":"page","link":"http:\/\/taigafilmes.com\/site\/a-produtora\/outros-trabalhos\/","title":{"rendered":"Outros trabalhos"},"content":{"rendered":"<p><img decoding=\"async\" loading=\"lazy\" class=\" size-medium wp-image-490 alignright\" src=\"http:\/\/taigafilmes.com\/wp\/wp-content\/uploads\/2015\/05\/Lucia4_br-300x199.jpg\" alt=\"Lucia Murat\" width=\"300\" height=\"199\" srcset=\"http:\/\/taigafilmes.com\/site\/wp-content\/uploads\/2015\/05\/Lucia4_br-300x199.jpg 300w, http:\/\/taigafilmes.com\/site\/wp-content\/uploads\/2015\/05\/Lucia4_br.jpg 800w\" sizes=\"(max-width: 300px) 100vw, 300px\" \/><\/p>\n<h5>Curtas e document\u00e1rios (m\u00e9dia metragem)<\/h5>\n<p>\u2022 O Pequeno Ex\u00e9rcito Louco \u2013 document\u00e1rio em 16mm \u2013 1978\/84<\/p>\n<p>\u2022 Dias ou Zumbi \u2013 document\u00e1rio \u2013 1987 (Apoio Funda\u00e7\u00e3o Ford)<\/p>\n<p>\u2022 Daisy das Almas deste Mundo (curta\/ parte do filme de longa-metragem Oswaldianas) \u2013 em 35 mm \u2013 1991 (Apoio- Secretaria de Cultura do Estado de S\u00e3o Paulo)<\/p>\n<p>\u2022 Reforma Agr\u00e1ria \u2013 document\u00e1rio \u2013 1991 (produ\u00e7\u00e3o TV1)<\/p>\n<p>\u2022 O futuro da midia eletr\u00f4nica \u2013 document\u00e1rio (produ\u00e7\u00e3o TV1) \u2013 1992<br \/>\n\u2022 Gente que faz (document\u00e1rio de 50 min. \u2013 produ\u00e7\u00e3o TV1) \u2013 1993<\/p>\n<p>\u2022 Greenpeace \u2013 document\u00e1rio (produ\u00e7\u00e3o Taiga) \u2013 1992 Eco \u2013 92<\/p>\n<p>\u2022 18 dos Forte \u2013 document\u00e1rio (co-produ\u00e7\u00e3o Taiga) \u2013 1995<\/p>\n<h5><img decoding=\"async\" loading=\"lazy\" class=\"martin-right: 10px; alignleft wp-image-476 size-medium\" src=\"http:\/\/taigafilmes.com\/wp\/wp-content\/uploads\/2015\/06\/Lucia2-300x212.jpg\" alt=\"Lucia Murat\" width=\"300\" height=\"212\" srcset=\"http:\/\/taigafilmes.com\/site\/wp-content\/uploads\/2015\/06\/Lucia2-300x212.jpg 300w, http:\/\/taigafilmes.com\/site\/wp-content\/uploads\/2015\/06\/Lucia2.jpg 852w\" sizes=\"(max-width: 300px) 100vw, 300px\" \/><\/h5>\n<h5>Programas de TV<\/h5>\n<p>\u2022 S\u00e9rie de document\u00e1rios sobre elei\u00e7\u00f5es \u2013 TVE \u2013 1985<\/p>\n<p>\u2022 Dire\u00e7\u00e3o do Programa &#8220;Rep\u00f3rteres&#8221; \u2013 TVE \u2013 1986<\/p>\n<p>\u2022 Meio-Ambiente Urgente \u2013 Programa de Document\u00e1rios \u2013 produ\u00e7\u00e3o idependente levada ao ar na TV Bandeirantes \u2013 1986\/87<\/p>\n<p>\u2022 Testemunho \u2013 S\u00e9rie de dezoito programas com personagens importantes na hist\u00f3ria pol\u00edtica brasileira do s\u00e9culo XX \u2013 co-produ\u00e7\u00e3o Taiga \u2013 levada ao ar na TV Manchete \u2013 1992\/93.<\/p>\n<p>\u2022 Mulheres no Cinema \u2013 S\u00e9rie de dez programas \u2013 co-produ\u00e7\u00e3o Taiga \u2013 levada ao ar na TV Manchete \u2013 1993<\/p>\n<p>\u2022 O Caso Eu Conto como o Caso Foi \u2013 1993\/1994 \u2013 Quinze adapta\u00e7\u00f5es de contos e\/ou romances da literatura brasileira com t\u00edtulos pr\u00f3prios, casting especialmente convidado, destacando-se &#8220;A Carta de Caminha&#8221;, com Floriano Peixoto, entre v\u00e1rios outros como Iracema, adapta\u00e7\u00e3o de Jos\u00e9\u00a0de Alencar, com Denise Milfond, e Navio Negreiro, de Castro Alves, com Luiz Carlos Vasconcelos.<\/p>\n<h5>Clips, comerciais e v\u00eddeos institucionais<\/h5>\n<p>\u2022 Foram realizados mais de 30 filmes nestas modalidades para importantes empresas e institui\u00e7\u00f5es como Vale do Rio Doce, Editora Record, Programa de Despolui\u00e7\u00e3o da Ba\u00eda de Guanabara, Greenpeace, Defensores da Terra e Cepia.<\/p>\n","protected":false},"excerpt":{"rendered":"<p>Curtas e document\u00e1rios (m\u00e9dia metragem) \u2022 O Pequeno Ex\u00e9rcito Louco \u2013 document\u00e1rio em 16mm \u2013 1978\/84 \u2022 Dias ou Zumbi \u2013 document\u00e1rio \u2013 1987 (Apoio Funda\u00e7\u00e3o Ford) \u2022 Daisy das Almas deste Mundo (curta\/ parte do filme de longa-metragem Oswaldianas) \u2013 em 35 mm \u2013 1991 (Apoio- Secretaria de Cultura do Estado de S\u00e3o Paulo) [&hellip;]<\/p>\n","protected":false},"author":1,"featured_media":0,"parent":4,"menu_order":0,"comment_status":"closed","ping_status":"open","template":"","meta":[],"_links":{"self":[{"href":"http:\/\/taigafilmes.com\/site\/wp-json\/wp\/v2\/pages\/28"}],"collection":[{"href":"http:\/\/taigafilmes.com\/site\/wp-json\/wp\/v2\/pages"}],"about":[{"href":"http:\/\/taigafilmes.com\/site\/wp-json\/wp\/v2\/types\/page"}],"author":[{"embeddable":true,"href":"http:\/\/taigafilmes.com\/site\/wp-json\/wp\/v2\/users\/1"}],"replies":[{"embeddable":true,"href":"http:\/\/taigafilmes.com\/site\/wp-json\/wp\/v2\/comments?post=28"}],"version-history":[{"count":16,"href":"http:\/\/taigafilmes.com\/site\/wp-json\/wp\/v2\/pages\/28\/revisions"}],"predecessor-version":[{"id":519,"href":"http:\/\/taigafilmes.com\/site\/wp-json\/wp\/v2\/pages\/28\/revisions\/519"}],"up":[{"embeddable":true,"href":"http:\/\/taigafilmes.com\/site\/wp-json\/wp\/v2\/pages\/4"}],"wp:attachment":[{"href":"http:\/\/taigafilmes.com\/site\/wp-json\/wp\/v2\/media?parent=28"}],"curies":[{"name":"wp","href":"https:\/\/api.w.org\/{rel}","templated":true}]}}