

{"id":360,"date":"2015-06-20T20:50:44","date_gmt":"2015-06-20T23:50:44","guid":{"rendered":"http:\/\/taigafilmes.com\/wp\/?page_id=360"},"modified":"2023-07-05T16:03:22","modified_gmt":"2023-07-05T19:03:22","slug":"films-in-progress","status":"publish","type":"page","link":"http:\/\/taigafilmes.com\/site\/films-in-progress\/","title":{"rendered":"In progress"},"content":{"rendered":"<div id=\"pl-360\"  class=\"panel-layout\" ><div id=\"pg-360-0\"  class=\"panel-grid panel-no-style\" ><div id=\"pgc-360-0-0\"  class=\"panel-grid-cell\" ><div id=\"panel-360-0-0-0\" class=\"so-panel widget widget_black-studio-tinymce widget_black_studio_tinymce panel-first-child panel-last-child\" data-index=\"0\" ><div class=\"textwidget\"><h5><strong>Recreation time<\/strong><\/h5>\n<p>Documentary feature film.<\/span><\/p>\n<p>Recreation time.DOC will listen to teenagers from Rio de Janeiro about contemporary issues both through a documentary and fictional approach. Students will debate and dramatize situations experienced (or dreamed) by them.<\/p>\n<p>The idea of \u200b\u200bthe documentary is to film educational life, various activities in the classroom, addressing different realities of public elementary and high school.<\/p>\n<p>Once the classes are selected, we will record debates on topics discussed in the classroom such as racism, women's issues, sustainability and the environment, among other topics.<\/p>\n<p>The objective of the documentary is to deal with theoretical discussions, which are usually pointed out through statistics, through the characters who live these issues. Thus, we intend to show the difficulties and possible ways out of young Brazilians.<\/p>\n<\/div><\/div><\/div><div id=\"pgc-360-0-1\"  class=\"panel-grid-cell\" ><div id=\"panel-360-0-1-0\" class=\"so-panel widget widget_black-studio-tinymce widget_black_studio_tinymce panel-first-child panel-last-child\" data-index=\"1\" ><div class=\"textwidget\"><h5><strong>On the wave of Mar\u00e9<\/strong><\/h5>\n<p>Documentary feature film<\/p>\n<p>The purpose of the documentary is to show the trajectory of thirteen actors\/dancers from Rio de Janeiro, 14 years later. They all came from favelas or periphery communities and participated in the 2008 film \"Mar\u00e9, our love story\", directed by Lucia Murat and produced by Taiga Filmes.<\/p>\n<p>\"On the wave of Mar\u00e9. Rio's youth dance!\" will use material from the film and the making of (more than 40 hours of video footage of tests and rehearsals filmed at the time, completely unpublished material) and interviews carried out today. What happened to these young people? We have some exemplary stories such as that of Ingrid Silva who became a dancer for an important company in New York or that of Washington Salles, a young man who did street dance and went with a company to France, got a contact in Moscow and became a model known in Russia. We also have difficult experiences like that of the rap group Na\u00e7\u00e3o Mar\u00e9, which failed to maintain itself as a group. Or the incredible trajectory of Babu Santana, an actor who opposed all stereotypes, made countless films and in the last year became known throughout Brazil for his participation in the BBB20 to later participate in soap operas in prime time.<\/p>\n<p>In addition to the interviews, we will use personal archive material from the interviewees and materials to be made by the interviewees themselves with guidance from our management and team. During these 15 years, many of them produced audiovisual works or works that were filmed and that will be incorporated into the project.<\/p>\n<p>Editing the musical numbers and funny situations of our interviewees during rehearsals in contrast to what they experience today will allow the creation of a work with great capacity for communication with the public.<\/p>\n<\/div><\/div><\/div><\/div><div id=\"pg-360-1\"  class=\"panel-grid panel-no-style\" ><div id=\"pgc-360-1-0\"  class=\"panel-grid-cell panel-grid-cell-empty panel-grid-cell-mobile-last\" ><\/div><div id=\"pgc-360-1-1\"  class=\"panel-grid-cell panel-grid-cell-empty\" ><\/div><\/div><\/div>","protected":false},"excerpt":{"rendered":"<p>Recreation time Documentary feature film. Recreation time.DOC will listen to teenagers from Rio de Janeiro about contemporary issues both through a documentary and fictional approach. Students will debate and dramatize situations experienced (or dreamed) by them. The idea of \u200b\u200bthe documentary is to film educational life, various activities in the classroom, addressing different realities of [&hellip;]<\/p>\n","protected":false},"author":1,"featured_media":0,"parent":0,"menu_order":0,"comment_status":"closed","ping_status":"open","template":"templates\/template-full.php","meta":[],"_links":{"self":[{"href":"http:\/\/taigafilmes.com\/site\/wp-json\/wp\/v2\/pages\/360"}],"collection":[{"href":"http:\/\/taigafilmes.com\/site\/wp-json\/wp\/v2\/pages"}],"about":[{"href":"http:\/\/taigafilmes.com\/site\/wp-json\/wp\/v2\/types\/page"}],"author":[{"embeddable":true,"href":"http:\/\/taigafilmes.com\/site\/wp-json\/wp\/v2\/users\/1"}],"replies":[{"embeddable":true,"href":"http:\/\/taigafilmes.com\/site\/wp-json\/wp\/v2\/comments?post=360"}],"version-history":[{"count":61,"href":"http:\/\/taigafilmes.com\/site\/wp-json\/wp\/v2\/pages\/360\/revisions"}],"predecessor-version":[{"id":2043,"href":"http:\/\/taigafilmes.com\/site\/wp-json\/wp\/v2\/pages\/360\/revisions\/2043"}],"wp:attachment":[{"href":"http:\/\/taigafilmes.com\/site\/wp-json\/wp\/v2\/media?parent=360"}],"curies":[{"name":"wp","href":"https:\/\/api.w.org\/{rel}","templated":true}]}}