

{"id":366,"date":"2015-06-22T11:41:59","date_gmt":"2015-06-22T14:41:59","guid":{"rendered":"http:\/\/taigafilmes.com\/wp\/?page_id=366"},"modified":"2015-06-25T20:46:27","modified_gmt":"2015-06-25T23:46:27","slug":"outros-trabalhos","status":"publish","type":"page","link":"http:\/\/taigafilmes.com\/site\/the-company\/outros-trabalhos\/","title":{"rendered":"Other works"},"content":{"rendered":"<h5><img decoding=\"async\" loading=\"lazy\" class=\" size-medium wp-image-490 alignright\" src=\"http:\/\/taigafilmes.com\/wp\/wp-content\/uploads\/2015\/05\/Lucia4_br-300x199.jpg\" alt=\"Lucia Murat\" width=\"300\" height=\"199\" srcset=\"http:\/\/taigafilmes.com\/site\/wp-content\/uploads\/2015\/05\/Lucia4_br-300x199.jpg 300w, http:\/\/taigafilmes.com\/site\/wp-content\/uploads\/2015\/05\/Lucia4_br.jpg 800w\" sizes=\"(max-width: 300px) 100vw, 300px\" \/>Curtas e document\u00e1rios (m\u00e9dia metragem)<\/h5>\n<p>\u2022 Little Mad Army \u2013 doc. in 16 mm \u2013 1978\/84<\/p>\n<p>\u2022 Dias ou Zumbi \u2013 doc. \u2013 1987 (Support: Ford Foundation)<\/p>\n<p>\u2022 Daisy das Almas deste Mundo (an episode of \u00a0the feature film \u201cOswaldianas\u201d in 35 mm \u2013 1991 (Support: Secretaria de Cultura do Estado de S\u00e3o Paulo)<\/p>\n<p>\u2022 Reforma Agr\u00e1ria\u00a0\u2013 doc. \u2013 1991 (production TV1)<\/p>\n<p>\u2022 O futuro da midia eletr\u00f4nica\u00a0\u2013 doc. (production TV1) \u2013 1992<\/p>\n<p>\u2022 Gente que faz\u00a0(doc. \u2013 50 min. \u2013 production TV1) \u2013 1993<\/p>\n<p>\u2022 Greenpeace \u2013 doc. (production Taiga) \u2013 1992 Eco \u2013 92<\/p>\n<p>\u2022 18 dos Forte \u2013 doc. (co-production Taiga) \u2013 1995<\/p>\n<h5><img decoding=\"async\" loading=\"lazy\" class=\"martin-right: 10px; alignleft wp-image-476 size-medium\" src=\"http:\/\/taigafilmes.com\/wp\/wp-content\/uploads\/2015\/06\/Lucia2-300x212.jpg\" alt=\"Lucia Murat\" width=\"300\" height=\"212\" srcset=\"http:\/\/taigafilmes.com\/site\/wp-content\/uploads\/2015\/06\/Lucia2-300x212.jpg 300w, http:\/\/taigafilmes.com\/site\/wp-content\/uploads\/2015\/06\/Lucia2.jpg 852w\" sizes=\"(max-width: 300px) 100vw, 300px\" \/>TV shows<\/h5>\n<p>\u2022 Documentaries about elections \u2013 TVE \u2013 1985<\/p>\n<p>\u2022 Direction of &#8220;Rep\u00f3rteres&#8221;\u2013 TVE \u2013 1986<\/p>\n<p>\u2022 Meio-Ambiente Urgente \u2013 Series of documentaries \u2013 Independent Production \u2013 Co-production TV Bandeirantes \u2013 1986\/87<\/p>\n<p>\u2022 Testemunho \u2013 Series of 18 docs. about brazilian history in the XX century. Co-production Taiga &#8211; TV Manchete \u2013 1992\/93.<\/p>\n<p>\u2022 Mulheres no Cinema \u2013 Series of 10 shows. Co-production Taiga \u2013 TV Manchete &#8211; 1993<\/p>\n<p>\u2022 O Caso Eu Conto como o Caso Foi \u2013 1993\/1994 \u2013 15 adaptations of brazilian literary classics, as &#8220;A Carta de Caminha&#8221;, with Floriano Peixoto; \u201cIracema\u201d, from Jos\u00e9 de Alencar, with Denise Milfond, and \u201c Navio Negreiro\u201d, from Castro Alves, with Luiz Carlos Vasconcelos.<\/p>\n<p>Clips, publicity and videos:<\/p>\n<h5>Clips, publicity and videos<\/h5>\n<p>\u2022 More than 30 films were done for important enterprises and institutions as Vale do Rio Doce, Editora Record, Programa de Despolui\u00e7\u00e3o da Ba\u00eda de Guanabara, Greenpeace, Defensores da Terra e Cepia.<\/p>\n","protected":false},"excerpt":{"rendered":"<p>Curtas e document\u00e1rios (m\u00e9dia metragem) \u2022 Little Mad Army \u2013 doc. in 16 mm \u2013 1978\/84 \u2022 Dias ou Zumbi \u2013 doc. \u2013 1987 (Support: Ford Foundation) \u2022 Daisy das Almas deste Mundo (an episode of \u00a0the feature film \u201cOswaldianas\u201d in 35 mm \u2013 1991 (Support: Secretaria de Cultura do Estado de S\u00e3o Paulo) \u2022 [&hellip;]<\/p>\n","protected":false},"author":1,"featured_media":0,"parent":352,"menu_order":0,"comment_status":"closed","ping_status":"open","template":"","meta":[],"_links":{"self":[{"href":"http:\/\/taigafilmes.com\/site\/wp-json\/wp\/v2\/pages\/366"}],"collection":[{"href":"http:\/\/taigafilmes.com\/site\/wp-json\/wp\/v2\/pages"}],"about":[{"href":"http:\/\/taigafilmes.com\/site\/wp-json\/wp\/v2\/types\/page"}],"author":[{"embeddable":true,"href":"http:\/\/taigafilmes.com\/site\/wp-json\/wp\/v2\/users\/1"}],"replies":[{"embeddable":true,"href":"http:\/\/taigafilmes.com\/site\/wp-json\/wp\/v2\/comments?post=366"}],"version-history":[{"count":9,"href":"http:\/\/taigafilmes.com\/site\/wp-json\/wp\/v2\/pages\/366\/revisions"}],"predecessor-version":[{"id":517,"href":"http:\/\/taigafilmes.com\/site\/wp-json\/wp\/v2\/pages\/366\/revisions\/517"}],"up":[{"embeddable":true,"href":"http:\/\/taigafilmes.com\/site\/wp-json\/wp\/v2\/pages\/352"}],"wp:attachment":[{"href":"http:\/\/taigafilmes.com\/site\/wp-json\/wp\/v2\/media?parent=366"}],"curies":[{"name":"wp","href":"https:\/\/api.w.org\/{rel}","templated":true}]}}