

{"id":371,"date":"2015-06-22T11:45:12","date_gmt":"2015-06-22T14:45:12","guid":{"rendered":"http:\/\/taigafilmes.com\/wp\/?page_id=371"},"modified":"2015-06-25T20:21:45","modified_gmt":"2015-06-25T23:21:45","slug":"prizes-and-festivals","status":"publish","type":"page","link":"http:\/\/taigafilmes.com\/site\/the-company\/prizes-and-festivals\/","title":{"rendered":"Prizes and awards"},"content":{"rendered":"<h5><em><a href=\"http:\/\/taigafilmes.com\/wp\/wp-content\/uploads\/2015\/06\/Lucia3.jpg\"><img decoding=\"async\" loading=\"lazy\" class=\" size-medium wp-image-477 alignright\" src=\"http:\/\/taigafilmes.com\/wp\/wp-content\/uploads\/2015\/06\/Lucia3-300x226.jpg\" alt=\"Lucia3\" width=\"300\" height=\"226\" srcset=\"http:\/\/taigafilmes.com\/site\/wp-content\/uploads\/2015\/06\/Lucia3-300x226.jpg 300w, http:\/\/taigafilmes.com\/site\/wp-content\/uploads\/2015\/06\/Lucia3.jpg 477w\" sizes=\"(max-width: 300px) 100vw, 300px\" \/><\/a>A Long Journey<\/em><\/h5>\n<p>\u2022 Best Docummentary Critics&#8217;s Choice, Paulinia Festival, Brazil<br \/>\n\u2022 Best Movie, Best Actor, Best Art Direction, Public&#8217;s Choice Award, Student&#8217;s Choice Award, Gramado Festival, Brazil<br \/>\n\u2022 Public&#8217;s Choice Award, Malaga festival, Spain<\/p>\n<h5><em>Found Memories<\/em><\/h5>\n<p>\u2022 Special Mention, Cine en Construcci\u00f3n, Toulouse<br \/>\n\u2022 Prize Cine Cinema, Cine en Construcci\u00f3n, Toulouse<br \/>\n\u2022 Special Mention, San Sebastian Festival<br \/>\n\u2022 Iceland church prize, Reykjavik IFF<br \/>\n\u2022 Best Movie, Abu Dhabi Festival<br \/>\n<img decoding=\"async\" loading=\"lazy\" class=\" size-medium wp-image-475 alignright\" src=\"http:\/\/taigafilmes.com\/wp\/wp-content\/uploads\/2015\/06\/Lucia1-300x199.jpg\" alt=\"Lucia1\" width=\"300\" height=\"199\" srcset=\"http:\/\/taigafilmes.com\/site\/wp-content\/uploads\/2015\/06\/Lucia1-300x199.jpg 300w, http:\/\/taigafilmes.com\/site\/wp-content\/uploads\/2015\/06\/Lucia1.jpg 800w\" sizes=\"(max-width: 300px) 100vw, 300px\" \/>\u2022 Best Actress, Abu Dhabi Festival<br \/>\n\u2022 FIPRESCI Prize, Ljubljana Festival, Slovenia<br \/>\n\u2022 Public&#8217;s choice prize, Warsaw Festival, Poland<br \/>\n\u2022 Public&#8217;s choice prize, Santa Maria da Feira Festival<br \/>\n\u2022 Best Movie, fom cineclub jury, Santa Maria da Feira Festival<br \/>\n\u2022 Best Actress, Santa Maria da Feira Festival<br \/>\n\u2022 Latin Movies Nueva Vision prize, Santa B\u00e1rbara IFF<br \/>\n\u2022 Public&#8217;s choice prize, IFFR Groningen<br \/>\n\u2022 Ecumenic prize, Cartagena Festival<br \/>\n\u2022 Best Movie, Sofia Festival<br \/>\n\u2022 Talent Tape Award Friburg Festival<br \/>\n\u2022 Ecumenic Prize, Friburg Festival<br \/>\n\u2022 Special Prize from cineclub jury, Friburg Festival<br \/>\n\u2022 Prize from CCAS Association,Toulouse Festival<br \/>\n\u2022 Prize Ceux du Rail d&#8217;Oc, Toulouse Festival<br \/>\n\u2022 Best Movie, RiverRun Festival<br \/>\n\u2022 Best Director, Peter Brunette Award, RiverRun Festival<br \/>\n\u2022 Best Photography, RiverRun Festival<br \/>\n\u2022 Special mention for S\u00f4nia Guedes, RiverRun Festival<br \/>\n\u2022 Special mention, Festival Latino LAFF, Dutchland<br \/>\n\u2022 Best Movie, public&#8217;s choice, Brazilian Festival, Paris<br \/>\n\u2022 Best script, Festival du Cin\u00e9ma d&#8217;Auteur de Rabat, Marrocos, 2012<br \/>\n\u2022 Best Movie, Lima Festival, 2012<br \/>\n\u2022 APC Prize &#8211; Asociaci\u00f3n Peruana de Comunicadores &#8211; Mons\u00f1or Luciano Metzinger &#8211; Lima Festival<br \/>\n\u2022 Best Movie (Public&#8217;s Award), Latinamerika i Fokus Festival, Sweden<br \/>\n\u2022 Special Mention, Ourense Film Festival<br \/>\n\u2022 Best Photography, Ourense Film Festival<\/p>\n<h5><em>Another Love Story<\/em><\/h5>\n<p>\u2022 Best Actor special prize from the jury for\u00a0Babu Santana \u2013 Rio Festival, 2007<br \/>\n\u2022 Pr\u00eamio Behind The Scenes \u2013 Film Festival Open Doek, 2008<\/p>\n<h5><em>Foreign Eye<\/em><\/h5>\n<p>\u2022 Best Editing \u2013 J\u00falia Murat \u2013 FestCine Goi\u00e2nia, 2006<\/p>\n<h5><em>Almost Brothers<\/em><\/h5>\n<p>\u2022 Sundance Lab for script \u2013 Selection (\u201cQuase Dois Irm\u00e3os\u201d), 2002<br \/>\n\u2022 Fonds Sud Award, 2002<br \/>\n\u2022 Best Director \u2013 L\u00facia Murat \u2013 Rio Festival, 2004<br \/>\n\u2022 Best Actor \u2013 Fl\u00e1vio Bauraqui \u2013 Rio Festival, 2004<br \/>\n\u2022 Best Latin American Movie \u2013 International Critics Federation \u2013 Fipresci Award<br \/>\n\u2022 Best Movie \u2013 Amazonas Film Festival, 2004<br \/>\n\u2022 Best Editing, Best Soundtrack \u2013 Havana Festival, 2004<br \/>\n\u2022 Best Movie, public\u2019s choice \u2013 Marseille Festival, 2005<br \/>\n\u2022 Best Movie, public\u2019s choice \u2013 Mar Del Plata Festival, 2005<br \/>\n\u2022 Best Iberian-American \u2013 Mar Del Plata Festival, 2005<br \/>\n\u2022 Best Movie, public\u2019s choice \u2013 Paris Brasilian Movies Festival, 2005<br \/>\n\u2022 Best actor \u2013 Babu Santana, Best Sound, Best Actress \u2013 Maria Flor \u2013 Bel\u00e9m Festival, 2005<br \/>\n\u2022 Prize from Radio de Espa\u00f1a \u2013 Festival de Huelva, 2005<br \/>\n\u2022 Special Prize form jury \u2013 Festival de Huelva, 2005<br \/>\n\u2022 Nominated for best film, best director, best script and best actor \u2013 Associa\u00e7\u00e3o dos Correspondentes Estrangeiros (The foreign press)<br \/>\n\u2022 Best Script \u2013 Lucia Murat e Paulo Lins \u2013 Associa\u00e7\u00e3o Paulista de Cr\u00edticos de Arte<\/p>\n<h5><em>Brave New Land<\/em><\/h5>\n<p>\u2022 Sundance Institute Lab Selection, 1998<br \/>\n\u2022 Script prize, MINC, 1998<br \/>\n\u2022 Avon Prize, 2002<br \/>\n\u2022 Direction Prize \u2013 San Francisco Latino Film Festival, 2002<br \/>\n\u2022 Public\u00b4s Choice Award \u2013 Festival de Marseille, 2005<\/p>\n<h5><em>Sweet Power<\/em><\/h5>\n<p>\u2022 Rockfeller Foundation Prize \u2013 Toronto Film Festival, 1996<\/p>\n<h5><em>Good to see you alive<\/em><\/h5>\n<p>\u2022 Best Movie, Best Editing and Best actress \u2013 popular jury, official jury and critic jury \u2013 Bras\u00edlia Festival, 1989<br \/>\n\u2022 Special Judges Prize and Sambur\u00e1 Prize \u2013 Rio de Janeiro Intl Film Festival, 1989<br \/>\n\u2022 Coral Prize, Best OCIC Movie \u2013 Havana Festival, 1989<br \/>\n\u2022 Best Movie Actress \u2013 S\u00e3o Paulo Critics Association \u2013 Moli\u00e8re Prize, Golden Metals, 1990<br \/>\n\u2022 Best Movie and Best Actress \u2013 Rio-Cine Festival, 1990<br \/>\n\u2022 International Critics Federation and OCIC Mention at Fest-Rio<\/p>\n<h5><em>Crazy Small Army<\/em><\/h5>\n<p>\u2022 Best Movie and best editing \u2013 Rio-Cine Festival, 1985<br \/>\n\u2022 Best edition\u00a0\u2013 XIV Cinema Journey, Bahia, 1985<\/p>\n","protected":false},"excerpt":{"rendered":"<p>A Long Journey \u2022 Best Docummentary Critics&#8217;s Choice, Paulinia Festival, Brazil \u2022 Best Movie, Best Actor, Best Art Direction, Public&#8217;s Choice Award, Student&#8217;s Choice Award, Gramado Festival, Brazil \u2022 Public&#8217;s Choice Award, Malaga festival, Spain Found Memories \u2022 Special Mention, Cine en Construcci\u00f3n, Toulouse \u2022 Prize Cine Cinema, Cine en Construcci\u00f3n, Toulouse \u2022 Special Mention, [&hellip;]<\/p>\n","protected":false},"author":1,"featured_media":0,"parent":352,"menu_order":0,"comment_status":"closed","ping_status":"open","template":"","meta":[],"_links":{"self":[{"href":"http:\/\/taigafilmes.com\/site\/wp-json\/wp\/v2\/pages\/371"}],"collection":[{"href":"http:\/\/taigafilmes.com\/site\/wp-json\/wp\/v2\/pages"}],"about":[{"href":"http:\/\/taigafilmes.com\/site\/wp-json\/wp\/v2\/types\/page"}],"author":[{"embeddable":true,"href":"http:\/\/taigafilmes.com\/site\/wp-json\/wp\/v2\/users\/1"}],"replies":[{"embeddable":true,"href":"http:\/\/taigafilmes.com\/site\/wp-json\/wp\/v2\/comments?post=371"}],"version-history":[{"count":7,"href":"http:\/\/taigafilmes.com\/site\/wp-json\/wp\/v2\/pages\/371\/revisions"}],"predecessor-version":[{"id":510,"href":"http:\/\/taigafilmes.com\/site\/wp-json\/wp\/v2\/pages\/371\/revisions\/510"}],"up":[{"embeddable":true,"href":"http:\/\/taigafilmes.com\/site\/wp-json\/wp\/v2\/pages\/352"}],"wp:attachment":[{"href":"http:\/\/taigafilmes.com\/site\/wp-json\/wp\/v2\/media?parent=371"}],"curies":[{"name":"wp","href":"https:\/\/api.w.org\/{rel}","templated":true}]}}