

{"id":4,"date":"2015-05-27T16:16:50","date_gmt":"2015-05-27T19:16:50","guid":{"rendered":"http:\/\/taigafilmes.com\/wp\/?page_id=4"},"modified":"2018-07-06T19:42:25","modified_gmt":"2018-07-06T22:42:25","slug":"a-produtora","status":"publish","type":"page","link":"http:\/\/taigafilmes.com\/site\/a-produtora\/","title":{"rendered":"A Produtora"},"content":{"rendered":"<div id=\"pl-4\"  class=\"panel-layout\" ><div id=\"pg-4-0\"  class=\"panel-grid panel-no-style\" ><div id=\"pgc-4-0-0\"  class=\"panel-grid-cell\" ><div id=\"panel-4-0-0-0\" class=\"so-panel widget widget_sow-editor panel-first-child panel-last-child\" data-index=\"0\" ><div\n\t\t\t\n\t\t\tclass=\"so-widget-sow-editor so-widget-sow-editor-base\"\n\t\t\t\n\t\t>\n<div class=\"siteorigin-widget-tinymce textwidget\">\n\t<div id=\"attachment_143\" style=\"width: 310px\" class=\"wp-caption alignright\"><img aria-describedby=\"caption-attachment-143\" decoding=\"async\" loading=\"lazy\" class=\"wp-image-143 size-medium\" src=\"http:\/\/taigafilmes.com\/site\/wp-content\/uploads\/2015\/05\/produtora1-300x199.jpg\" alt=\"produtora1\" width=\"300\" height=\"199\" srcset=\"http:\/\/taigafilmes.com\/site\/wp-content\/uploads\/2015\/05\/produtora1-300x199.jpg 300w, http:\/\/taigafilmes.com\/site\/wp-content\/uploads\/2015\/05\/produtora1.jpg 600w\" sizes=\"(max-width: 300px) 100vw, 300px\" \/><p id=\"caption-attachment-143\" class=\"wp-caption-text\">Lucia Murat<\/p><\/div>\n<p>Taiga Filmes e V\u00eddeo \u00e9 uma produtora criada pela jornalista e cineasta Lucia Murat no in\u00edcio dos anos 80 e que al\u00e9m de clips, comerciais e programas para TV, produziu os filmes: \u201cO Pequeno Ex\u00e9rcito Louco\u201d, \u201cQue Bom te Ver Viva\u201d, \u201cDaisy\u201d, \u201cDoces Poderes\u201d, \u201cBrava Gente Brasileira\u201d, \u201cQuase Dois Irm\u00e3os\u201d, \u201cOlhar Estrangeiro\u201d, \u201cMar\u00e9, Nossa Hist\u00f3ria de Amor\u201d, \"Dia dos Pais\", \"Hist\u00f3rias Que S\u00f3 Existem Quando Lembradas\", \"Uma Longa Viagem\", \"A Mem\u00f3ria Que Me Contam\".<\/p>\n<p>Dos trabalhos realizados pela cineasta, destacam-se, al\u00e9m dos filmes de longa-metragem, as s\u00e9ries \"Testemunho\", sobre personagens da hist\u00f3ria brasileira deste s\u00e9culo, e \"O caso eu conto como o caso foi\", adapta\u00e7\u00f5es de cl\u00e1ssicos da literatura para adolescentes. Os filmes da Taiga receberam in\u00fameros pr\u00eamios, com presen\u00e7a marcante nos principais festivais internacionais.<\/p>\n<p>\u00a0<\/p>\n<p>\u00a0<\/p>\n<p>\u00a0<\/p>\n<\/div>\n<\/div><\/div><\/div><\/div><\/div>","protected":false},"excerpt":{"rendered":"<p>Taiga Filmes e V\u00eddeo \u00e9 uma produtora criada pela jornalista e cineasta Lucia Murat no in\u00edcio dos anos 80 e que al\u00e9m de clips, comerciais e programas para TV, produziu os filmes: \u201cO Pequeno Ex\u00e9rcito Louco\u201d, \u201cQue Bom te Ver Viva\u201d, \u201cDaisy\u201d, \u201cDoces Poderes\u201d, \u201cBrava Gente Brasileira\u201d, \u201cQuase Dois Irm\u00e3os\u201d, \u201cOlhar Estrangeiro\u201d, \u201cMar\u00e9, Nossa Hist\u00f3ria [&hellip;]<\/p>\n","protected":false},"author":1,"featured_media":0,"parent":0,"menu_order":0,"comment_status":"closed","ping_status":"closed","template":"","meta":[],"_links":{"self":[{"href":"http:\/\/taigafilmes.com\/site\/wp-json\/wp\/v2\/pages\/4"}],"collection":[{"href":"http:\/\/taigafilmes.com\/site\/wp-json\/wp\/v2\/pages"}],"about":[{"href":"http:\/\/taigafilmes.com\/site\/wp-json\/wp\/v2\/types\/page"}],"author":[{"embeddable":true,"href":"http:\/\/taigafilmes.com\/site\/wp-json\/wp\/v2\/users\/1"}],"replies":[{"embeddable":true,"href":"http:\/\/taigafilmes.com\/site\/wp-json\/wp\/v2\/comments?post=4"}],"version-history":[{"count":45,"href":"http:\/\/taigafilmes.com\/site\/wp-json\/wp\/v2\/pages\/4\/revisions"}],"predecessor-version":[{"id":1694,"href":"http:\/\/taigafilmes.com\/site\/wp-json\/wp\/v2\/pages\/4\/revisions\/1694"}],"wp:attachment":[{"href":"http:\/\/taigafilmes.com\/site\/wp-json\/wp\/v2\/media?parent=4"}],"curies":[{"name":"wp","href":"https:\/\/api.w.org\/{rel}","templated":true}]}}