

{"id":434,"date":"2015-06-23T19:53:10","date_gmt":"2015-06-23T22:53:10","guid":{"rendered":"http:\/\/taigafilmes.com\/wp\/?page_id=434"},"modified":"2017-11-08T15:09:51","modified_gmt":"2017-11-08T17:09:51","slug":"almost-brothers","status":"publish","type":"page","link":"http:\/\/taigafilmes.com\/site\/films\/almost-brothers\/","title":{"rendered":"Almost brothers"},"content":{"rendered":"<div id=\"pl-434\"  class=\"panel-layout\" ><div id=\"pg-434-0\"  class=\"panel-grid panel-no-style\" ><div id=\"pgc-434-0-0\"  class=\"panel-grid-cell\" ><div id=\"panel-434-0-0-0\" class=\"so-panel widget widget_black-studio-tinymce widget_black_studio_tinymce panel-first-child panel-last-child\" data-index=\"0\" ><div class=\"textwidget\"><p><img class=\"alignnone wp-image-609 size-full\" src=\"http:\/\/taigafilmes.com\/site\/wp-content\/uploads\/2015\/06\/quase_dois_irmaos_g_en.jpg\" alt=\"Almost Brothers\" width=\"1100\" height=\"688\" \/><\/p>\n<p>On the 70\u2019s, Brazil lived under a military dictatorship, when many political prisoners were incarcerated in a penitentiary in Ilha Grande, located on the coast of the State of Rio de Janeiro. Their contact with the common prisoners at the time is an important part of the history of violence in which the country stands today. \u201cAlmost Brothers\u201d (\"Quase Dois Irm\u00e3os\") shows how the intimate relation and the established conflict between these two worlds created the Red Command, which later came to dominate the drug trafficking throughout the country.<\/p>\n<p>Through two characters, Miguel, an intellectualized middle-class young man, political prisoner in Ilha Grande and today a member of Congress, and Jorge, the son of a samba composer that from a small burglar turns out becoming one the leaders of the Red Command, the film has as background the Brazilian political history of the last 50 years, larded by popular music, the link point between these two worlds. Today, a new encounter: Miguel has a daughter who is fascinated by the slums and transgression, and dates a young drug dealer. A new cycle begins.<\/p>\n<p><a style=\"color: #ff6633;\" href=\"http:\/\/www.taigafilmes.com\/quase\/engl\/engl.html\">More information on the movie website \u00bb<\/a><\/p>\n<h4>Awards<\/h4>\n<p>Rio Festival, 2004<br \/> Best Director\u00a0\u2013 L\u00facia Murat<br \/> Best Actor \u2013 Fl\u00e1vio Bauraqui<br \/> Fipresci Award (Federa\u00e7\u00e3o Internacional de Cr\u00edticos) \u2013 Best Latin American Film<\/p>\n<p>Amazonas film festival 2004<br \/> Best movie<\/p>\n<p>Festival de Havana 2004<br \/> Edition<br \/> Sound tracking<\/p>\n<p>Marseille Festival 2005<br \/> Melhor filme do p\u00fablico<br \/> Pr\u00eamio especial do J\u00fari<\/p>\n<p>Mar Del Plata Festival 2005<br \/> Melhor filme do juri popular<br \/> Melhor filme ibero-americano do juri<\/p>\n<p>Paris Brazilian\u00a0Festival 2005<br \/> People\u00b4s choice<\/p>\n<p>Bel\u00e9m Festival \u00a02005<br \/> Script \u2013 Lucia Murat e Paulo Lins<br \/> Supporting role actor\u00a0\u2013 Babu Santana<br \/> Supporting role actress\u00a0\u2013 Maria Flor<\/p>\n<p>Brasilian Miami film Festival 2005<br \/> Sound\u00a0\u2013 Nan\u00e1 Vasconcelos<\/p>\n<p>Huelva Festival 2005<br \/> Radio de Espa\u00f1a Award<br \/> Jury\u00b4s Special Award<\/p>\n<p><span style=\"line-height: 1.5;\">Associa\u00e7\u00e3o Paulista dos cr\u00edticos de Arte 2005<br \/> Best script \u2013 Lucia Murat e Paulo Lins<br \/> <\/span><\/p>\n<p><span style=\"line-height: 1.5;\">The Foreign Press 2005<br \/> Nominated for Best film, Best director, Best script and Best actor<br \/> <\/span><span style=\"line-height: 1.5;\">Associa\u00e7\u00e3o dos Correspondentes Estrangeiros 2005<\/span><\/p>\n<h4>Official\u00a0selection<\/h4>\n<p>Toronto Film Festival \u2013 2004<br \/> Montreal Film festival \u2013 2004<br \/> Festival do Rio \u2013 2004<br \/> Mostra de S\u00e3o Paulo \u2013 2004<br \/> Festival de Biarritz \u2013 2004<br \/> Festial de Havana \u2013 2004<br \/> Festival de Palm Springs \u2013 2005<br \/> Festival de Cr\u00e9teil \u2013 2005<br \/> San Francisco International Film Festival \u2013 2005<br \/> Seattle International Film Festival \u2013 2005<br \/> Festival de Lima \u2013 2005<br \/> Festival de Valdivia \u2013 2005<br \/> Festival de Quito \u2013 2005<br \/> London Film Festival \u2013 2005<br \/> Helsink Film Festival \u2013 2005<br \/> Meinheim Film Festival \u2013 2005<br \/> Haifa Film Festival<br \/> Melbourne film Festival<\/p>\n<\/div><\/div><\/div><div id=\"pgc-434-0-1\"  class=\"panel-grid-cell\" ><div id=\"panel-434-0-1-0\" class=\"so-panel widget widget_black-studio-tinymce widget_black_studio_tinymce panel-first-child panel-last-child\" data-index=\"1\" ><div class=\"textwidget\"><p><img class=\"alignnone wp-image-534 size-medium\" src=\"http:\/\/taigafilmes.com\/site\/wp-content\/uploads\/2015\/06\/cartaz_quasedoisirmaos11-201x300.jpg\" alt=\"Almost brothers, um filme de Lucia Murat\" width=\"201\" height=\"300\" \/><\/p>\n<h4>Cr\u00e9ditos<\/h4>\n<p>Elenco por ordem de entrada em cena<\/p>\n<p>Brunno Abrah\u00e3o<br \/>\nSilvia Buarque<br \/>\nWerner Sh\u00fcnemann<br \/>\nLuiz Melodia<br \/>\nFernando Eiras<br \/>\nAnt\u00f4nio Pomp\u00eao<br \/>\nCaco Ciocler<br \/>\nFernando Alves Pinto<br \/>\nPaulo Hamiltonn<br \/>\nBruce Gomlevsky<br \/>\nFl\u00e1vio Bauraqui<br \/>\nMaria Flor<br \/>\nMarieta Severo<br \/>\nJerusa Franco<br \/>\nCharles Fricks<br \/>\nJandir Ferrari<br \/>\nTonico Pereira<br \/>\nLucia Alves<br \/>\nRenato de Souza<br \/>\nErick Oliveira<br \/>\nBabu Santana<\/p>\n<p>Argumento, produ\u00e7\u00e3o e dire\u00e7\u00e3o: Lucia Murat<br \/>\nProdu\u00e7\u00e3o: Taiga Filmes<br \/>\nCo-produ\u00e7\u00e3o: Ceneca Producciones (Chile) e TS Productions (Fran\u00e7a)<br \/>\nDiretor de fotografia: Jacob SoliTrenick<br \/>\nProdu\u00e7\u00e3o executiva: Ailton Franco Jr. e Branca Murat<br \/>\nRoteiro: Lucia Murat e Paulo Lins<br \/>\nMontagem: Mair Tavares<br \/>\nEdi\u00e7\u00e3o de som: Simone Petrillo<br \/>\nSom direto: Silvio Da-Rin<br \/>\nMixagem: Emanuek Croset<br \/>\nM\u00fasica: Nan\u00e1 Vasconcelos<br \/>\nCo-produtores: Adrian S\u00f3lar, Milena Polyo, Giles Sacuto<br \/>\nDire\u00e7\u00e3o de Produ\u00e7\u00e3o: Ren\u00e9 Bittencourt<br \/>\nDiretor de arte: Luiz Henrique Pinto<br \/>\nFigurino: In\u00eas Salgado<br \/>\nEdi\u00e7\u00e3o de som: Simone Petrillo, Jose Moreau Louzeiro<\/p>\n<p>&nbsp;<\/p>\n<\/div><\/div><\/div><\/div><\/div>","protected":false},"excerpt":{"rendered":"<p>On the 70\u2019s, Brazil lived under a military dictatorship, when many political prisoners were incarcerated in a penitentiary in Ilha Grande, located on the coast of the State of Rio de Janeiro. Their contact with the common prisoners at the time is an important part of the history of violence in which the country stands [&hellip;]<\/p>\n","protected":false},"author":1,"featured_media":0,"parent":356,"menu_order":0,"comment_status":"closed","ping_status":"closed","template":"templates\/template-full.php","meta":[],"_links":{"self":[{"href":"http:\/\/taigafilmes.com\/site\/wp-json\/wp\/v2\/pages\/434"}],"collection":[{"href":"http:\/\/taigafilmes.com\/site\/wp-json\/wp\/v2\/pages"}],"about":[{"href":"http:\/\/taigafilmes.com\/site\/wp-json\/wp\/v2\/types\/page"}],"author":[{"embeddable":true,"href":"http:\/\/taigafilmes.com\/site\/wp-json\/wp\/v2\/users\/1"}],"replies":[{"embeddable":true,"href":"http:\/\/taigafilmes.com\/site\/wp-json\/wp\/v2\/comments?post=434"}],"version-history":[{"count":10,"href":"http:\/\/taigafilmes.com\/site\/wp-json\/wp\/v2\/pages\/434\/revisions"}],"predecessor-version":[{"id":1502,"href":"http:\/\/taigafilmes.com\/site\/wp-json\/wp\/v2\/pages\/434\/revisions\/1502"}],"up":[{"embeddable":true,"href":"http:\/\/taigafilmes.com\/site\/wp-json\/wp\/v2\/pages\/356"}],"wp:attachment":[{"href":"http:\/\/taigafilmes.com\/site\/wp-json\/wp\/v2\/media?parent=434"}],"curies":[{"name":"wp","href":"https:\/\/api.w.org\/{rel}","templated":true}]}}